{"id":1097,"date":"2021-01-19T14:36:54","date_gmt":"2021-01-19T13:36:54","guid":{"rendered":"https:\/\/saintpierre91.org\/-cfa\/?page_id=1097"},"modified":"2021-01-21T15:41:40","modified_gmt":"2021-01-21T14:41:40","slug":"aide-majoree-a-lembauche","status":"publish","type":"page","link":"https:\/\/saintpierre91.org\/cefop\/espace-entreprise\/aide-a-lembauche\/aide-majoree-a-lembauche\/","title":{"rendered":"Aide Major\u00e9e \u00e0 l&#8217;embauche"},"content":{"rendered":"\n<h2 class=\"has-text-align-center wp-block-heading\">Aide major\u00e9e \u00e0 l&#8217;embauche en contrat d&rsquo;apprentissage<\/h2>\n\n\n\n<p><\/p>\n\n\n\n<h2 class=\"wp-block-heading\"><strong>Pr\u00e9sentation du dispositif<\/strong><\/h2>\n\n\n\n<p>Les entreprises qui embauchent une personne handicap\u00e9e dans le cadre d&rsquo;un contrat d&rsquo;apprentissage peuvent b\u00e9n\u00e9ficier d&rsquo;une aide de l&rsquo;Agefiph.<\/p>\n\n\n\n<p>Dans le cadre de la reprise d&rsquo;activit\u00e9, cette aide est major\u00e9e.<\/p>\n\n\n\n<p>L\u2019aide est ouverte aux contrats conclus \u00e0 partir du 11 mai 2020 et jusqu\u2019au 28 f\u00e9vrier 2021 (date de la derni\u00e8re embauche possible).<\/p>\n\n\n\n<p>L\u2019aide a pour objectif d\u2019encourager l\u2019employeur \u00e0 recruter une personne handicap\u00e9e en contrat d\u2019apprentissage.<\/p>\n\n\n\n<p>Le montant maximum de l\u2019aide est de 4 000 \u20ac. Son montant est proratis\u00e9 en fonction de la dur\u00e9e du contrat de travail et \u00e0 compter du 6\u00e8me mois.<\/p>\n\n\n\n<p>L&rsquo;aide est temporaire et non renouvelable.<\/p>\n\n\n\n<p>L\u2019aide peut \u00eatre exceptionnellement prolong\u00e9e en cas de redoublement ou de mention compl\u00e9mentaire. Elle est \u00e9galement renouvelable en cas de pr\u00e9paration \u00e0 une qualification de niveau sup\u00e9rieure.<\/p>\n\n\n\n<h2 class=\"wp-block-heading\"><strong>Conditions d&rsquo;attribution<\/strong><\/h2>\n\n\n\n<p>A qui s\u2019adresse le dispositif\u202f?<\/p>\n\n\n\n<p>Entreprises \u00e9ligibles<\/p>\n\n\n\n<p>Elle s&rsquo;adresse \u00e0 tout employeur de droit priv\u00e9 embauchant une personne en situation de handicap b\u00e9n\u00e9ficiaire de l\u2019obligation d\u2019emploi ou ayant d\u00e9pos\u00e9 une demande de reconnaissance<\/p>\n\n\n\n<h2 class=\"wp-block-heading\"><strong>Quelles sont les modalit\u00e9s de versement ?<\/strong><\/h2>\n\n\n\n<p>Une attestation d\u2019emploi sign\u00e9e et cachet\u00e9e par l\u2019employeur certifiant que le salari\u00e9 est toujours pr\u00e9sent au sein de l\u2019entreprise est \u00e0 transmettre pour le versement de l&rsquo;aide.<\/p>\n\n\n\n<p>La demande d&rsquo;aide est faite par l\u2019entreprise qui doit adresser le dossier de demande d\u2019intervention \u00e0 la D\u00e9l\u00e9gation r\u00e9gionale Agefiph dont il d\u00e9pend.<\/p>\n","protected":false},"excerpt":{"rendered":"<p>Aide major\u00e9e \u00e0 l&#8217;embauche en contrat d&rsquo;apprentissage Pr\u00e9sentation du dispositif Les entreprises qui embauchent une personne handicap\u00e9e dans le cadre d&rsquo;un contrat d&rsquo;apprentissage peuvent b\u00e9n\u00e9ficier d&rsquo;une aide de l&rsquo;Agefiph. Dans le cadre de la reprise d&rsquo;activit\u00e9, cette aide est major\u00e9e. L\u2019aide est ouverte aux contrats conclus \u00e0 partir du 11 mai 2020 et jusqu\u2019au 28&#8230;<\/p>\n","protected":false},"author":1,"featured_media":0,"parent":1068,"menu_order":0,"comment_status":"closed","ping_status":"closed","template":"","meta":{"_kad_post_transparent":"","_kad_post_title":"","_kad_post_layout":"","_kad_post_sidebar_id":"","_kad_post_content_style":"","_kad_post_vertical_padding":"","_kad_post_feature":"","_kad_post_feature_position":"","_kad_post_header":false,"_kad_post_footer":false,"cybocfi_hide_featured_image":"","footnotes":""},"class_list":["post-1097","page","type-page","status-publish","hentry"],"yoast_head":"<!-- This site is optimized with the Yoast SEO plugin v25.3.1 - https:\/\/yoast.com\/wordpress\/plugins\/seo\/ -->\n<title>Aide Major\u00e9e \u00e0 l&#039;embauche - CEFOP Saint Pierre OF CFA<\/title>\n<meta name=\"robots\" content=\"index, follow, max-snippet:-1, max-image-preview:large, max-video-preview:-1\" \/>\n<link rel=\"canonical\" href=\"https:\/\/saintpierre91.org\/cefop\/espace-entreprise\/aide-a-lembauche\/aide-majoree-a-lembauche\/\" \/>\n<meta property=\"og:locale\" content=\"fr_FR\" \/>\n<meta property=\"og:type\" content=\"article\" \/>\n<meta property=\"og:title\" content=\"Aide Major\u00e9e \u00e0 l&#039;embauche - CEFOP Saint Pierre OF CFA\" \/>\n<meta property=\"og:description\" content=\"Aide major\u00e9e \u00e0 l&#8217;embauche en contrat d&rsquo;apprentissage Pr\u00e9sentation du dispositif Les entreprises qui embauchent une personne handicap\u00e9e dans le cadre d&rsquo;un contrat d&rsquo;apprentissage peuvent b\u00e9n\u00e9ficier d&rsquo;une aide de l&rsquo;Agefiph. Dans le cadre de la reprise d&rsquo;activit\u00e9, cette aide est major\u00e9e. L\u2019aide est ouverte aux contrats conclus \u00e0 partir du 11 mai 2020 et jusqu\u2019au 28...\" \/>\n<meta property=\"og:url\" content=\"https:\/\/saintpierre91.org\/cefop\/espace-entreprise\/aide-a-lembauche\/aide-majoree-a-lembauche\/\" \/>\n<meta property=\"og:site_name\" content=\"CEFOP Saint Pierre OF CFA\" \/>\n<meta property=\"article:modified_time\" content=\"2021-01-21T14:41:40+00:00\" \/>\n<meta name=\"twitter:card\" content=\"summary_large_image\" \/>\n<meta name=\"twitter:label1\" content=\"Dur\u00e9e de lecture estim\u00e9e\" \/>\n\t<meta name=\"twitter:data1\" content=\"1 minute\" \/>\n<script type=\"application\/ld+json\" class=\"yoast-schema-graph\">{\"@context\":\"https:\/\/schema.org\",\"@graph\":[{\"@type\":\"WebPage\",\"@id\":\"https:\/\/saintpierre91.org\/cefop\/espace-entreprise\/aide-a-lembauche\/aide-majoree-a-lembauche\/\",\"url\":\"https:\/\/saintpierre91.org\/cefop\/espace-entreprise\/aide-a-lembauche\/aide-majoree-a-lembauche\/\",\"name\":\"Aide Major\u00e9e \u00e0 l'embauche - CEFOP Saint Pierre OF CFA\",\"isPartOf\":{\"@id\":\"https:\/\/saintpierre91.org\/cefop\/#website\"},\"datePublished\":\"2021-01-19T13:36:54+00:00\",\"dateModified\":\"2021-01-21T14:41:40+00:00\",\"breadcrumb\":{\"@id\":\"https:\/\/saintpierre91.org\/cefop\/espace-entreprise\/aide-a-lembauche\/aide-majoree-a-lembauche\/#breadcrumb\"},\"inLanguage\":\"fr-FR\",\"potentialAction\":[{\"@type\":\"ReadAction\",\"target\":[\"https:\/\/saintpierre91.org\/cefop\/espace-entreprise\/aide-a-lembauche\/aide-majoree-a-lembauche\/\"]}]},{\"@type\":\"BreadcrumbList\",\"@id\":\"https:\/\/saintpierre91.org\/cefop\/espace-entreprise\/aide-a-lembauche\/aide-majoree-a-lembauche\/#breadcrumb\",\"itemListElement\":[{\"@type\":\"ListItem\",\"position\":1,\"name\":\"Accueil\",\"item\":\"https:\/\/saintpierre91.org\/cefop\/\"},{\"@type\":\"ListItem\",\"position\":2,\"name\":\"Espace Entreprise\",\"item\":\"https:\/\/saintpierre91.org\/cefop\/espace-entreprise\/\"},{\"@type\":\"ListItem\",\"position\":3,\"name\":\"Aide \u00e0 l&#8217;embauche\",\"item\":\"https:\/\/saintpierre91.org\/cefop\/espace-entreprise\/aide-a-lembauche\/\"},{\"@type\":\"ListItem\",\"position\":4,\"name\":\"Aide Major\u00e9e \u00e0 l&#8217;embauche\"}]},{\"@type\":\"WebSite\",\"@id\":\"https:\/\/saintpierre91.org\/cefop\/#website\",\"url\":\"https:\/\/saintpierre91.org\/cefop\/\",\"name\":\"CEFOP Saint Pierre OF CFA\",\"description\":\"Le  CEFOP Saint-Pierre a l\u2019ambition d\u2019accompagner l\u2019\u00e9volution des besoins et des m\u00e9tiers dans les secteurs de l\u2019h\u00f4tellerie, de la restauration, du tertiaire et du sanitaire et social en privil\u00e9giant des partenariats p\u00e9dagogiques de qualit\u00e9.\",\"publisher\":{\"@id\":\"https:\/\/saintpierre91.org\/cefop\/#organization\"},\"potentialAction\":[{\"@type\":\"SearchAction\",\"target\":{\"@type\":\"EntryPoint\",\"urlTemplate\":\"https:\/\/saintpierre91.org\/cefop\/?s={search_term_string}\"},\"query-input\":{\"@type\":\"PropertyValueSpecification\",\"valueRequired\":true,\"valueName\":\"search_term_string\"}}],\"inLanguage\":\"fr-FR\"},{\"@type\":\"Organization\",\"@id\":\"https:\/\/saintpierre91.org\/cefop\/#organization\",\"name\":\"CEFOP SAINT-PIERRE OF-CFA\",\"url\":\"https:\/\/saintpierre91.org\/cefop\/\",\"logo\":{\"@type\":\"ImageObject\",\"inLanguage\":\"fr-FR\",\"@id\":\"https:\/\/saintpierre91.org\/cefop\/#\/schema\/logo\/image\/\",\"url\":\"https:\/\/saintpierre91.org\/cefop\/wp-content\/uploads\/2020\/11\/icone-01.png\",\"contentUrl\":\"https:\/\/saintpierre91.org\/cefop\/wp-content\/uploads\/2020\/11\/icone-01.png\",\"width\":512,\"height\":512,\"caption\":\"CEFOP SAINT-PIERRE OF-CFA\"},\"image\":{\"@id\":\"https:\/\/saintpierre91.org\/cefop\/#\/schema\/logo\/image\/\"}}]}<\/script>\n<!-- \/ Yoast SEO plugin. -->","yoast_head_json":{"title":"Aide Major\u00e9e \u00e0 l'embauche - CEFOP Saint Pierre OF CFA","robots":{"index":"index","follow":"follow","max-snippet":"max-snippet:-1","max-image-preview":"max-image-preview:large","max-video-preview":"max-video-preview:-1"},"canonical":"https:\/\/saintpierre91.org\/cefop\/espace-entreprise\/aide-a-lembauche\/aide-majoree-a-lembauche\/","og_locale":"fr_FR","og_type":"article","og_title":"Aide Major\u00e9e \u00e0 l'embauche - CEFOP Saint Pierre OF CFA","og_description":"Aide major\u00e9e \u00e0 l&#8217;embauche en contrat d&rsquo;apprentissage Pr\u00e9sentation du dispositif Les entreprises qui embauchent une personne handicap\u00e9e dans le cadre d&rsquo;un contrat d&rsquo;apprentissage peuvent b\u00e9n\u00e9ficier d&rsquo;une aide de l&rsquo;Agefiph. Dans le cadre de la reprise d&rsquo;activit\u00e9, cette aide est major\u00e9e. L\u2019aide est ouverte aux contrats conclus \u00e0 partir du 11 mai 2020 et jusqu\u2019au 28...","og_url":"https:\/\/saintpierre91.org\/cefop\/espace-entreprise\/aide-a-lembauche\/aide-majoree-a-lembauche\/","og_site_name":"CEFOP Saint Pierre OF CFA","article_modified_time":"2021-01-21T14:41:40+00:00","twitter_card":"summary_large_image","twitter_misc":{"Dur\u00e9e de lecture estim\u00e9e":"1 minute"},"schema":{"@context":"https:\/\/schema.org","@graph":[{"@type":"WebPage","@id":"https:\/\/saintpierre91.org\/cefop\/espace-entreprise\/aide-a-lembauche\/aide-majoree-a-lembauche\/","url":"https:\/\/saintpierre91.org\/cefop\/espace-entreprise\/aide-a-lembauche\/aide-majoree-a-lembauche\/","name":"Aide Major\u00e9e \u00e0 l'embauche - CEFOP Saint Pierre OF CFA","isPartOf":{"@id":"https:\/\/saintpierre91.org\/cefop\/#website"},"datePublished":"2021-01-19T13:36:54+00:00","dateModified":"2021-01-21T14:41:40+00:00","breadcrumb":{"@id":"https:\/\/saintpierre91.org\/cefop\/espace-entreprise\/aide-a-lembauche\/aide-majoree-a-lembauche\/#breadcrumb"},"inLanguage":"fr-FR","potentialAction":[{"@type":"ReadAction","target":["https:\/\/saintpierre91.org\/cefop\/espace-entreprise\/aide-a-lembauche\/aide-majoree-a-lembauche\/"]}]},{"@type":"BreadcrumbList","@id":"https:\/\/saintpierre91.org\/cefop\/espace-entreprise\/aide-a-lembauche\/aide-majoree-a-lembauche\/#breadcrumb","itemListElement":[{"@type":"ListItem","position":1,"name":"Accueil","item":"https:\/\/saintpierre91.org\/cefop\/"},{"@type":"ListItem","position":2,"name":"Espace Entreprise","item":"https:\/\/saintpierre91.org\/cefop\/espace-entreprise\/"},{"@type":"ListItem","position":3,"name":"Aide \u00e0 l&#8217;embauche","item":"https:\/\/saintpierre91.org\/cefop\/espace-entreprise\/aide-a-lembauche\/"},{"@type":"ListItem","position":4,"name":"Aide Major\u00e9e \u00e0 l&#8217;embauche"}]},{"@type":"WebSite","@id":"https:\/\/saintpierre91.org\/cefop\/#website","url":"https:\/\/saintpierre91.org\/cefop\/","name":"CEFOP Saint Pierre OF CFA","description":"Le  CEFOP Saint-Pierre a l\u2019ambition d\u2019accompagner l\u2019\u00e9volution des besoins et des m\u00e9tiers dans les secteurs de l\u2019h\u00f4tellerie, de la restauration, du tertiaire et du sanitaire et social en privil\u00e9giant des partenariats p\u00e9dagogiques de qualit\u00e9.","publisher":{"@id":"https:\/\/saintpierre91.org\/cefop\/#organization"},"potentialAction":[{"@type":"SearchAction","target":{"@type":"EntryPoint","urlTemplate":"https:\/\/saintpierre91.org\/cefop\/?s={search_term_string}"},"query-input":{"@type":"PropertyValueSpecification","valueRequired":true,"valueName":"search_term_string"}}],"inLanguage":"fr-FR"},{"@type":"Organization","@id":"https:\/\/saintpierre91.org\/cefop\/#organization","name":"CEFOP SAINT-PIERRE OF-CFA","url":"https:\/\/saintpierre91.org\/cefop\/","logo":{"@type":"ImageObject","inLanguage":"fr-FR","@id":"https:\/\/saintpierre91.org\/cefop\/#\/schema\/logo\/image\/","url":"https:\/\/saintpierre91.org\/cefop\/wp-content\/uploads\/2020\/11\/icone-01.png","contentUrl":"https:\/\/saintpierre91.org\/cefop\/wp-content\/uploads\/2020\/11\/icone-01.png","width":512,"height":512,"caption":"CEFOP SAINT-PIERRE OF-CFA"},"image":{"@id":"https:\/\/saintpierre91.org\/cefop\/#\/schema\/logo\/image\/"}}]}},"_links":{"self":[{"href":"https:\/\/saintpierre91.org\/cefop\/wp-json\/wp\/v2\/pages\/1097","targetHints":{"allow":["GET"]}}],"collection":[{"href":"https:\/\/saintpierre91.org\/cefop\/wp-json\/wp\/v2\/pages"}],"about":[{"href":"https:\/\/saintpierre91.org\/cefop\/wp-json\/wp\/v2\/types\/page"}],"author":[{"embeddable":true,"href":"https:\/\/saintpierre91.org\/cefop\/wp-json\/wp\/v2\/users\/1"}],"replies":[{"embeddable":true,"href":"https:\/\/saintpierre91.org\/cefop\/wp-json\/wp\/v2\/comments?post=1097"}],"version-history":[{"count":2,"href":"https:\/\/saintpierre91.org\/cefop\/wp-json\/wp\/v2\/pages\/1097\/revisions"}],"predecessor-version":[{"id":1348,"href":"https:\/\/saintpierre91.org\/cefop\/wp-json\/wp\/v2\/pages\/1097\/revisions\/1348"}],"up":[{"embeddable":true,"href":"https:\/\/saintpierre91.org\/cefop\/wp-json\/wp\/v2\/pages\/1068"}],"wp:attachment":[{"href":"https:\/\/saintpierre91.org\/cefop\/wp-json\/wp\/v2\/media?parent=1097"}],"curies":[{"name":"wp","href":"https:\/\/api.w.org\/{rel}","templated":true}]}}