{"id":838,"date":"2021-01-14T14:13:33","date_gmt":"2021-01-14T13:13:33","guid":{"rendered":"https:\/\/saintpierre91.org\/-cfa\/?page_id=838"},"modified":"2025-07-10T12:04:42","modified_gmt":"2025-07-10T10:04:42","slug":"espace-alternant","status":"publish","type":"page","link":"https:\/\/saintpierre91.org\/cefop\/espace-alternant\/","title":{"rendered":"Espace Alternant"},"content":{"rendered":"\t\t<div data-elementor-type=\"wp-page\" data-elementor-id=\"838\" class=\"elementor elementor-838\">\n\t\t\t\t\t\t<section class=\"elementor-section elementor-top-section elementor-element elementor-element-b053a77 elementor-section-boxed elementor-section-height-default elementor-section-height-default\" data-id=\"b053a77\" data-element_type=\"section\">\n\t\t\t\t\t\t<div class=\"elementor-container elementor-column-gap-default\">\n\t\t\t\t\t<div class=\"elementor-column elementor-col-100 elementor-top-column elementor-element elementor-element-fd01706\" data-id=\"fd01706\" data-element_type=\"column\">\n\t\t\t<div class=\"elementor-widget-wrap elementor-element-populated\">\n\t\t\t\t\t\t<div class=\"elementor-element elementor-element-ab5dd44 animated-fast titre-degrade-forme elementor-invisible elementor-widget elementor-widget-heading\" data-id=\"ab5dd44\" data-element_type=\"widget\" data-settings=\"{&quot;_animation&quot;:&quot;fadeIn&quot;}\" data-widget_type=\"heading.default\">\n\t\t\t\t<div class=\"elementor-widget-container\">\n\t\t\t\t\t<h2 class=\"elementor-heading-title elementor-size-default\">Espace alternant<\/h2>\t\t\t\t<\/div>\n\t\t\t\t<\/div>\n\t\t\t\t\t<\/div>\n\t\t<\/div>\n\t\t\t\t\t<\/div>\n\t\t<\/section>\n\t\t\t\t<section class=\"elementor-section elementor-top-section elementor-element elementor-element-57bf8f1c elementor-section-boxed elementor-section-height-default elementor-section-height-default\" data-id=\"57bf8f1c\" data-element_type=\"section\">\n\t\t\t\t\t\t<div class=\"elementor-container elementor-column-gap-default\">\n\t\t\t\t\t<div class=\"elementor-column elementor-col-100 elementor-top-column elementor-element elementor-element-35bb0b25\" data-id=\"35bb0b25\" data-element_type=\"column\">\n\t\t\t<div class=\"elementor-widget-wrap elementor-element-populated\">\n\t\t\t\t\t\t<div class=\"elementor-element elementor-element-7a082365 elementor-widget elementor-widget-text-editor\" data-id=\"7a082365\" data-element_type=\"widget\" data-widget_type=\"text-editor.default\">\n\t\t\t\t<div class=\"elementor-widget-container\">\n\t\t\t\t\t\t\t\t\t<h3>Devenir Alternant \u00e0 L\u2019OF-CFA CEFOP Saint Pierre<\/h3>\n\n<p>Vous souhaitez obtenir votre dipl\u00f4me tout en acqu\u00e9rant de l\u2019exp\u00e9rience professionnelle ?<\/p>\n\n<p>Choisissez de suivre votre formation en alternance au CFA CEFOP Saint Pierre, nous vous aidons \u00e0 trouver une entreprise pour un contrat d\u2019apprentissage ou contrat de professionnalisation.<\/p>\n\n<p>Le Centre de formation situ\u00e9 \u00e0 Brunoy, vous offre un cadre privil\u00e9gi\u00e9 pour suivre votre formation et construire votre avenir professionnel.<\/p>\n\n<p>Pour cela, le CFA s\u2019est donn\u00e9 pour mission le respect de nombreuses valeurs telles que l\u2019accomplissement professionnel de chaque jeune et le choix de la p\u00e9dagogie de l\u2019alternance comme <strong>parcours d\u2019excellence<\/strong>\u2026nos grandes missions sont les suivantes\u00a0:<\/p>\n\n<ul>\n<li><strong>Assurer l\u2019enseignement th\u00e9orique, g\u00e9n\u00e9ral et professionnel des apprentis.<\/strong><\/li>\n<li><strong>Accompagner les employeurs et les apprentis.<\/strong>\n<ul>\n<li>Mise en place du contrat d\u2019apprentissage<\/li>\n<li>Durant la toute la dur\u00e9e de la formation<\/li>\n<li>Information, conseils, assistance.<\/li>\n<\/ul>\n<\/li>\n<\/ul>\n\t\t\t\t\t\t\t\t<\/div>\n\t\t\t\t<\/div>\n\t\t\t\t<div class=\"elementor-element elementor-element-459de4b elementor-widget elementor-widget-image-gallery\" data-id=\"459de4b\" data-element_type=\"widget\" data-widget_type=\"image-gallery.default\">\n\t\t\t\t<div class=\"elementor-widget-container\">\n\t\t\t\t\t\t\t<div class=\"elementor-image-gallery\">\n\t\t\t<div id='gallery-1' class='gallery galleryid-838 gallery-columns-3 gallery-size-thumbnail'><figure class='gallery-item'>\n\t\t\t<div class='gallery-icon landscape'>\n\t\t\t\t<img decoding=\"async\" width=\"150\" height=\"150\" src=\"https:\/\/saintpierre91.org\/cefop\/wp-content\/uploads\/saintpierresup-1-150x150.jpeg\" class=\"attachment-thumbnail size-thumbnail\" alt=\"\" \/>\n\t\t\t<\/div><\/figure><figure class='gallery-item'>\n\t\t\t<div class='gallery-icon landscape'>\n\t\t\t\t<img decoding=\"async\" width=\"150\" height=\"150\" src=\"https:\/\/saintpierre91.org\/cefop\/wp-content\/uploads\/IMG_0492-150x150.jpeg\" class=\"attachment-thumbnail size-thumbnail\" alt=\"\" \/>\n\t\t\t<\/div><\/figure><figure class='gallery-item'>\n\t\t\t<div class='gallery-icon landscape'>\n\t\t\t\t<img decoding=\"async\" width=\"150\" height=\"150\" src=\"https:\/\/saintpierre91.org\/cefop\/wp-content\/uploads\/photo-salle-info-1-150x150.jpeg\" class=\"attachment-thumbnail size-thumbnail\" alt=\"\" \/>\n\t\t\t<\/div><\/figure>\n\t\t<\/div>\n\t\t<\/div>\n\t\t\t\t\t\t<\/div>\n\t\t\t\t<\/div>\n\t\t\t\t<div class=\"elementor-element elementor-element-4163731 elementor-widget elementor-widget-text-editor\" data-id=\"4163731\" data-element_type=\"widget\" data-widget_type=\"text-editor.default\">\n\t\t\t\t<div class=\"elementor-widget-container\">\n\t\t\t\t\t\t\t\t\t<!-- \/wp:paragraph --><!-- wp:heading -->\n<h3>Adapter la formation aux besoins des secteurs d\u2019activit\u00e9s<\/h3>\n<!-- \/wp:heading --><!-- wp:paragraph -->\n<p>Nous vous proposons, dans diff\u00e9rents secteurs d\u2019activit\u00e9, des formations en alternance vari\u00e9es.<\/p>\n<!-- \/wp:paragraph --><!-- wp:paragraph -->\n<p>Faire le choix de se former en alternance permet \u00e0 la fois de pr\u00e9parer un dipl\u00f4me au CFA et d\u2019apprendre le m\u00e9tier en entreprise. En suivant les cours et en \u00e9tant recrut\u00e9 en tant qu\u2019alternant par une entreprise, c\u2019est gagner en exp\u00e9rience, obtenir des comp\u00e9tences tout en obtenant une r\u00e9mun\u00e9ration.<\/p>\n<!-- \/wp:paragraph --><!-- wp:heading {\"level\":4} -->\n<h4 style=\"text-align: center;\"><a href=\"https:\/\/saintpierre91.org\/cefop\/contact\/\">N\u2019h\u00e9sitez pas \u00e0 <\/a><a href=\"https:\/\/saintpierre91.org\/cefop\/contact\/\">nous contacter<\/a><a href=\"https:\/\/saintpierre91.org\/cefop\/contact\/\"> pour plus d\u2019information\u00a0!<\/a><\/h4>\n<p>\u00a0<\/p>\n<!-- \/wp:heading -->\t\t\t\t\t\t\t\t<\/div>\n\t\t\t\t<\/div>\n\t\t\t\t<div class=\"elementor-element elementor-element-9fea5b1 elementor-align-center elementor-widget elementor-widget-button\" data-id=\"9fea5b1\" data-element_type=\"widget\" data-widget_type=\"button.default\">\n\t\t\t\t<div class=\"elementor-widget-container\">\n\t\t\t\t\t\t\t\t\t<div class=\"elementor-button-wrapper\">\n\t\t\t\t\t<a class=\"elementor-button elementor-button-link elementor-size-sm\" href=\"https:\/\/saintpierre91.org\/cefop\/contact\/\">\n\t\t\t\t\t\t<span class=\"elementor-button-content-wrapper\">\n\t\t\t\t\t\t\t\t\t<span class=\"elementor-button-text\">Contact<\/span>\n\t\t\t\t\t<\/span>\n\t\t\t\t\t<\/a>\n\t\t\t\t<\/div>\n\t\t\t\t\t\t\t\t<\/div>\n\t\t\t\t<\/div>\n\t\t\t\t\t<\/div>\n\t\t<\/div>\n\t\t\t\t\t<\/div>\n\t\t<\/section>\n\t\t\t\t<\/div>\n\t\t","protected":false},"excerpt":{"rendered":"<p>Espace alternant Devenir Alternant \u00e0 L\u2019OF-CFA CEFOP Saint Pierre Vous souhaitez obtenir votre dipl\u00f4me tout en acqu\u00e9rant de l\u2019exp\u00e9rience professionnelle ? Choisissez de suivre votre formation en alternance au CFA CEFOP Saint Pierre, nous vous aidons \u00e0 trouver une entreprise pour un contrat d\u2019apprentissage ou contrat de professionnalisation. Le Centre de formation situ\u00e9 \u00e0 Brunoy,&#8230;<\/p>\n","protected":false},"author":1,"featured_media":0,"parent":0,"menu_order":0,"comment_status":"closed","ping_status":"closed","template":"","meta":{"_kad_post_transparent":"","_kad_post_title":"","_kad_post_layout":"","_kad_post_sidebar_id":"","_kad_post_content_style":"","_kad_post_vertical_padding":"","_kad_post_feature":"","_kad_post_feature_position":"","_kad_post_header":false,"_kad_post_footer":false,"cybocfi_hide_featured_image":"","footnotes":""},"class_list":["post-838","page","type-page","status-publish","hentry"],"yoast_head":"<!-- This site is optimized with the Yoast SEO plugin v25.3.1 - https:\/\/yoast.com\/wordpress\/plugins\/seo\/ -->\n<title>Espace Alternant - CEFOP Saint Pierre OF CFA<\/title>\n<meta name=\"robots\" content=\"index, follow, max-snippet:-1, max-image-preview:large, max-video-preview:-1\" \/>\n<link rel=\"canonical\" href=\"https:\/\/saintpierre91.org\/cefop\/espace-alternant\/\" \/>\n<meta property=\"og:locale\" content=\"fr_FR\" \/>\n<meta property=\"og:type\" content=\"article\" \/>\n<meta property=\"og:title\" content=\"Espace Alternant - CEFOP Saint Pierre OF CFA\" \/>\n<meta property=\"og:description\" content=\"Espace alternant Devenir Alternant \u00e0 L\u2019OF-CFA CEFOP Saint Pierre Vous souhaitez obtenir votre dipl\u00f4me tout en acqu\u00e9rant de l\u2019exp\u00e9rience professionnelle ? Choisissez de suivre votre formation en alternance au CFA CEFOP Saint Pierre, nous vous aidons \u00e0 trouver une entreprise pour un contrat d\u2019apprentissage ou contrat de professionnalisation. Le Centre de formation situ\u00e9 \u00e0 Brunoy,...\" \/>\n<meta property=\"og:url\" content=\"https:\/\/saintpierre91.org\/cefop\/espace-alternant\/\" \/>\n<meta property=\"og:site_name\" content=\"CEFOP Saint Pierre OF CFA\" \/>\n<meta property=\"article:modified_time\" content=\"2025-07-10T10:04:42+00:00\" \/>\n<meta property=\"og:image\" content=\"https:\/\/saintpierre91.org\/cefop\/wp-content\/uploads\/saintpierresup-1-150x150.jpeg\" \/>\n<meta name=\"twitter:card\" content=\"summary_large_image\" \/>\n<meta name=\"twitter:label1\" content=\"Dur\u00e9e de lecture estim\u00e9e\" \/>\n\t<meta name=\"twitter:data1\" content=\"2 minutes\" \/>\n<script type=\"application\/ld+json\" class=\"yoast-schema-graph\">{\"@context\":\"https:\/\/schema.org\",\"@graph\":[{\"@type\":\"WebPage\",\"@id\":\"https:\/\/saintpierre91.org\/cefop\/espace-alternant\/\",\"url\":\"https:\/\/saintpierre91.org\/cefop\/espace-alternant\/\",\"name\":\"Espace Alternant - CEFOP Saint Pierre OF CFA\",\"isPartOf\":{\"@id\":\"https:\/\/saintpierre91.org\/cefop\/#website\"},\"primaryImageOfPage\":{\"@id\":\"https:\/\/saintpierre91.org\/cefop\/espace-alternant\/#primaryimage\"},\"image\":{\"@id\":\"https:\/\/saintpierre91.org\/cefop\/espace-alternant\/#primaryimage\"},\"thumbnailUrl\":\"https:\/\/saintpierre91.org\/cefop\/wp-content\/uploads\/saintpierresup-1-150x150.jpeg\",\"datePublished\":\"2021-01-14T13:13:33+00:00\",\"dateModified\":\"2025-07-10T10:04:42+00:00\",\"breadcrumb\":{\"@id\":\"https:\/\/saintpierre91.org\/cefop\/espace-alternant\/#breadcrumb\"},\"inLanguage\":\"fr-FR\",\"potentialAction\":[{\"@type\":\"ReadAction\",\"target\":[\"https:\/\/saintpierre91.org\/cefop\/espace-alternant\/\"]}]},{\"@type\":\"ImageObject\",\"inLanguage\":\"fr-FR\",\"@id\":\"https:\/\/saintpierre91.org\/cefop\/espace-alternant\/#primaryimage\",\"url\":\"https:\/\/saintpierre91.org\/cefop\/wp-content\/uploads\/saintpierresup-1-150x150.jpeg\",\"contentUrl\":\"https:\/\/saintpierre91.org\/cefop\/wp-content\/uploads\/saintpierresup-1-150x150.jpeg\"},{\"@type\":\"BreadcrumbList\",\"@id\":\"https:\/\/saintpierre91.org\/cefop\/espace-alternant\/#breadcrumb\",\"itemListElement\":[{\"@type\":\"ListItem\",\"position\":1,\"name\":\"Accueil\",\"item\":\"https:\/\/saintpierre91.org\/cefop\/\"},{\"@type\":\"ListItem\",\"position\":2,\"name\":\"Espace Alternant\"}]},{\"@type\":\"WebSite\",\"@id\":\"https:\/\/saintpierre91.org\/cefop\/#website\",\"url\":\"https:\/\/saintpierre91.org\/cefop\/\",\"name\":\"CEFOP Saint Pierre OF CFA\",\"description\":\"Le  CEFOP Saint-Pierre a l\u2019ambition d\u2019accompagner l\u2019\u00e9volution des besoins et des m\u00e9tiers dans les secteurs de l\u2019h\u00f4tellerie, de la restauration, du tertiaire et du sanitaire et social en privil\u00e9giant des partenariats p\u00e9dagogiques de qualit\u00e9.\",\"publisher\":{\"@id\":\"https:\/\/saintpierre91.org\/cefop\/#organization\"},\"potentialAction\":[{\"@type\":\"SearchAction\",\"target\":{\"@type\":\"EntryPoint\",\"urlTemplate\":\"https:\/\/saintpierre91.org\/cefop\/?s={search_term_string}\"},\"query-input\":{\"@type\":\"PropertyValueSpecification\",\"valueRequired\":true,\"valueName\":\"search_term_string\"}}],\"inLanguage\":\"fr-FR\"},{\"@type\":\"Organization\",\"@id\":\"https:\/\/saintpierre91.org\/cefop\/#organization\",\"name\":\"CEFOP SAINT-PIERRE OF-CFA\",\"url\":\"https:\/\/saintpierre91.org\/cefop\/\",\"logo\":{\"@type\":\"ImageObject\",\"inLanguage\":\"fr-FR\",\"@id\":\"https:\/\/saintpierre91.org\/cefop\/#\/schema\/logo\/image\/\",\"url\":\"https:\/\/saintpierre91.org\/cefop\/wp-content\/uploads\/2020\/11\/icone-01.png\",\"contentUrl\":\"https:\/\/saintpierre91.org\/cefop\/wp-content\/uploads\/2020\/11\/icone-01.png\",\"width\":512,\"height\":512,\"caption\":\"CEFOP SAINT-PIERRE OF-CFA\"},\"image\":{\"@id\":\"https:\/\/saintpierre91.org\/cefop\/#\/schema\/logo\/image\/\"}}]}<\/script>\n<!-- \/ Yoast SEO plugin. -->","yoast_head_json":{"title":"Espace Alternant - CEFOP Saint Pierre OF CFA","robots":{"index":"index","follow":"follow","max-snippet":"max-snippet:-1","max-image-preview":"max-image-preview:large","max-video-preview":"max-video-preview:-1"},"canonical":"https:\/\/saintpierre91.org\/cefop\/espace-alternant\/","og_locale":"fr_FR","og_type":"article","og_title":"Espace Alternant - CEFOP Saint Pierre OF CFA","og_description":"Espace alternant Devenir Alternant \u00e0 L\u2019OF-CFA CEFOP Saint Pierre Vous souhaitez obtenir votre dipl\u00f4me tout en acqu\u00e9rant de l\u2019exp\u00e9rience professionnelle ? Choisissez de suivre votre formation en alternance au CFA CEFOP Saint Pierre, nous vous aidons \u00e0 trouver une entreprise pour un contrat d\u2019apprentissage ou contrat de professionnalisation. Le Centre de formation situ\u00e9 \u00e0 Brunoy,...","og_url":"https:\/\/saintpierre91.org\/cefop\/espace-alternant\/","og_site_name":"CEFOP Saint Pierre OF CFA","article_modified_time":"2025-07-10T10:04:42+00:00","og_image":[{"url":"https:\/\/saintpierre91.org\/cefop\/wp-content\/uploads\/saintpierresup-1-150x150.jpeg","type":"","width":"","height":""}],"twitter_card":"summary_large_image","twitter_misc":{"Dur\u00e9e de lecture estim\u00e9e":"2 minutes"},"schema":{"@context":"https:\/\/schema.org","@graph":[{"@type":"WebPage","@id":"https:\/\/saintpierre91.org\/cefop\/espace-alternant\/","url":"https:\/\/saintpierre91.org\/cefop\/espace-alternant\/","name":"Espace Alternant - CEFOP Saint Pierre OF CFA","isPartOf":{"@id":"https:\/\/saintpierre91.org\/cefop\/#website"},"primaryImageOfPage":{"@id":"https:\/\/saintpierre91.org\/cefop\/espace-alternant\/#primaryimage"},"image":{"@id":"https:\/\/saintpierre91.org\/cefop\/espace-alternant\/#primaryimage"},"thumbnailUrl":"https:\/\/saintpierre91.org\/cefop\/wp-content\/uploads\/saintpierresup-1-150x150.jpeg","datePublished":"2021-01-14T13:13:33+00:00","dateModified":"2025-07-10T10:04:42+00:00","breadcrumb":{"@id":"https:\/\/saintpierre91.org\/cefop\/espace-alternant\/#breadcrumb"},"inLanguage":"fr-FR","potentialAction":[{"@type":"ReadAction","target":["https:\/\/saintpierre91.org\/cefop\/espace-alternant\/"]}]},{"@type":"ImageObject","inLanguage":"fr-FR","@id":"https:\/\/saintpierre91.org\/cefop\/espace-alternant\/#primaryimage","url":"https:\/\/saintpierre91.org\/cefop\/wp-content\/uploads\/saintpierresup-1-150x150.jpeg","contentUrl":"https:\/\/saintpierre91.org\/cefop\/wp-content\/uploads\/saintpierresup-1-150x150.jpeg"},{"@type":"BreadcrumbList","@id":"https:\/\/saintpierre91.org\/cefop\/espace-alternant\/#breadcrumb","itemListElement":[{"@type":"ListItem","position":1,"name":"Accueil","item":"https:\/\/saintpierre91.org\/cefop\/"},{"@type":"ListItem","position":2,"name":"Espace Alternant"}]},{"@type":"WebSite","@id":"https:\/\/saintpierre91.org\/cefop\/#website","url":"https:\/\/saintpierre91.org\/cefop\/","name":"CEFOP Saint Pierre OF CFA","description":"Le  CEFOP Saint-Pierre a l\u2019ambition d\u2019accompagner l\u2019\u00e9volution des besoins et des m\u00e9tiers dans les secteurs de l\u2019h\u00f4tellerie, de la restauration, du tertiaire et du sanitaire et social en privil\u00e9giant des partenariats p\u00e9dagogiques de qualit\u00e9.","publisher":{"@id":"https:\/\/saintpierre91.org\/cefop\/#organization"},"potentialAction":[{"@type":"SearchAction","target":{"@type":"EntryPoint","urlTemplate":"https:\/\/saintpierre91.org\/cefop\/?s={search_term_string}"},"query-input":{"@type":"PropertyValueSpecification","valueRequired":true,"valueName":"search_term_string"}}],"inLanguage":"fr-FR"},{"@type":"Organization","@id":"https:\/\/saintpierre91.org\/cefop\/#organization","name":"CEFOP SAINT-PIERRE OF-CFA","url":"https:\/\/saintpierre91.org\/cefop\/","logo":{"@type":"ImageObject","inLanguage":"fr-FR","@id":"https:\/\/saintpierre91.org\/cefop\/#\/schema\/logo\/image\/","url":"https:\/\/saintpierre91.org\/cefop\/wp-content\/uploads\/2020\/11\/icone-01.png","contentUrl":"https:\/\/saintpierre91.org\/cefop\/wp-content\/uploads\/2020\/11\/icone-01.png","width":512,"height":512,"caption":"CEFOP SAINT-PIERRE OF-CFA"},"image":{"@id":"https:\/\/saintpierre91.org\/cefop\/#\/schema\/logo\/image\/"}}]}},"_links":{"self":[{"href":"https:\/\/saintpierre91.org\/cefop\/wp-json\/wp\/v2\/pages\/838","targetHints":{"allow":["GET"]}}],"collection":[{"href":"https:\/\/saintpierre91.org\/cefop\/wp-json\/wp\/v2\/pages"}],"about":[{"href":"https:\/\/saintpierre91.org\/cefop\/wp-json\/wp\/v2\/types\/page"}],"author":[{"embeddable":true,"href":"https:\/\/saintpierre91.org\/cefop\/wp-json\/wp\/v2\/users\/1"}],"replies":[{"embeddable":true,"href":"https:\/\/saintpierre91.org\/cefop\/wp-json\/wp\/v2\/comments?post=838"}],"version-history":[{"count":20,"href":"https:\/\/saintpierre91.org\/cefop\/wp-json\/wp\/v2\/pages\/838\/revisions"}],"predecessor-version":[{"id":5646,"href":"https:\/\/saintpierre91.org\/cefop\/wp-json\/wp\/v2\/pages\/838\/revisions\/5646"}],"wp:attachment":[{"href":"https:\/\/saintpierre91.org\/cefop\/wp-json\/wp\/v2\/media?parent=838"}],"curies":[{"name":"wp","href":"https:\/\/api.w.org\/{rel}","templated":true}]}}